True
Let l be 2/5 - (-40)/25. Suppose 63 = g + g - 3*v, 86 = 4*g + l*v. Does 6 divide g?
True
Suppose 0 = -2*z - 0*z + 6. Suppose 0 = -2*s - 0*f + z*f + 82, 0 = 4*s - 3*f - 158. Is s a multiple of 10?
False
Suppose 0 = -v + 2*v - 8. Suppose 10 + v = 3*j. Does 6 divide j?
True
Let a(t) = t + 1. Let n(r) = 10*r - 10. Let s(x) = 10*a(x) + n(x). Does 10 divide s(1)?
True
Suppose z - 3*d - 285 = -3*z, z - 3*d = 78. Does 14 divide z?
False
Let c be (-16)/(-12)*(-1 + 70). Suppose -2*n = -10, 4*h - 2*n = 2*h + c. Does 17 divide h?
True
Suppose z = -q + 467, 4*q - 1505 = -3*z + 368. Does 15 divide q?
False
Let s = 2 - -3. Suppose 70 = 5*h - s*y, 4*y + 0*y - 16 = 0. Is h a multiple of 9?
True
Let s(c) = -c**3 + 4*c**2 + 2*c - 2. Is 3 a factor of s(2)?
False
Let r(y) = 11*y**2 - 15*y + 12. Let w(o) = 5*o**2 - 7*o + 6. Let f(t) = 6*r(t) - 13*w(t). Let p be f(6). Suppose p = 7*h - 3*h. Does 5 divide h?
False
Let m(n) = -2*n**3 - 9*n**2 + 6*n + 4. Let g be m(-7). Suppose -2*i = -4*h + i + g, -i = -4*h + 213. Is h a multiple of 10?
False
Let m = 10 - -2. Suppose 5*h = 5*s + 75, 0*h + 2*h + 4*s = m. Is h a multiple of 12?
True
Suppose 0 = -2*w + 3*w - 4. Let b = w + 1. Suppose 4*r - 23 = b. Does 4 divide r?
False
Let f(x) = -x - 6*x - 1 + 5 + x**2. Let l be f(7). Suppose -4*k + 24 = 2*a, 1 = 4*a + l*k - 43. Is a a multiple of 5?
True
Let m(n) = n**2 - n - 3. Let i be (-2 + 2)/3 - -3. Let v be m(i). Suppose -d - 24 = -v*d. Is d a multiple of 12?
True
Suppose 2*c - 558 = -7*c. Does 6 divide c?
False
Let f be (-8)/(-28) + (-24)/(-14). Let y(g) = -1 + 0*g + 3*g**3 + 3*g**2 - 2*g + 2*g**2 - 2*g**2. Does 14 divide y(f)?
False
Suppose 2*b = 7*b. Suppose -y + 5*y = b. Let g(z) = z**3 - z + 6. Is 6 a factor of g(y)?
True
Let f be (0/(-2))/(-8 + 7). Suppose f = -b - 3*b + 48. Is 3 a factor of b?
True
Suppose 5 = 2*v - 2*a - 11, -2*v - 5*a - 12 = 0. Suppose 0 = -4*c + 4 + v. Suppose 3*i - 3*b = 75, 92 = 2*i + c*i + 4*b. Is i a multiple of 12?
True
Let i(m) = 2*m - 6. Let u be i(4). Suppose 6 = -u*y + 20. Is y a multiple of 7?
True
Let k(u) = 3*u**2 + 5*u - 1. Does 3 divide k(1)?
False
Let y = 35 - 13. Is 8 a factor of y?
False
Does 13 divide ((-2)/(-4) - 0)*5292/21?
False
Let w(y) = -y**3 + 10*y**2 - 5*y - 4. Let z be w(8). Suppose -h + z = h. Let d = -30 + h. Is d a multiple of 6?
True
Suppose 0 = 4*y - 5 - 7. Does 3 divide y?
True
Let k(a) = 5*a - 2. Let q be k(6). Suppose -3*w + q = w. Is 7 a factor of w?
True
Let n(q) be the second derivative of -2*q**4/3 + q**3/6 - q**2/2 - 2*q. Let l be n(1). Let x(i) = i**3 + 8*i**2 - 3*i - 2. Is x(l) a multiple of 11?
True
Suppose 3*w = 1 + 5. Let y(k) = 2*k**2 - 4*k + 3. Does 2 divide y(w)?
False
Let a(t) = 15*t**3 - 3*t**2 + 3*t - 2. Is 2 a factor of a(1)?
False
Let f be 74/10 + (-8)/20. Is 20 a factor of (-3 + f)*(-58)/(-4)?
False
Suppose 4*v + 5*i - 221 = -0*v, -2*i - 106 = -2*v. Does 27 divide v?
True
Let c(l) = 26*l - 2. Let m be c(4). Suppose m = a + a. Is a a multiple of 20?
False
Is (-15)/90 - (-1441)/6 a multiple of 40?
True
Let z be 1/2 - 6/12. Suppose z = 7*o - 47 - 282. Is 15 a factor of o?
False
Suppose 6*i = 3*i. Let r(s) = s**2 - s - 12. Let o be r(i). Let q = o - -26. Is 11 a factor of q?
False
Let o be (-2)/(2*1/(-40)). Let w = o + -27. Is w a multiple of 7?
False
Suppose 12*v + 348 = 16*v. Let n = v + -33. Is 18 a factor of n?
True
Suppose -a + 1 = 4. Let r(g) = g**3 + 4*g**2 - g - 7. Let q(n) = 2*n**3 + 7*n**2 - 2*n - 13. Let p(y) = a*q(y) + 5*r(y). Is 3 a factor of p(0)?
False
Let w(c) = c**2 - c + 1. Let u be w(2). Let q = -21 + 24. Suppose a - 12 = -4*z, -u*z = -2*a + q + 21. Is a a multiple of 12?
True
Suppose 0*u + 6 = 3*u. Does 13 divide 1/(-1) + 70/u?
False
Let o = -48 + 72. Is 24 a factor of (20/(-6))/((-2)/o)?
False
Suppose 6 = 4*v + 3*f, -f = 7*v - 3*v - 10. Let l be (-1 + 3)*v/(-6). Let x(g) = -15*g - 1. Does 12 divide x(l)?
False
Let p = -11 + 11. Let d(j) = j. Let x(f) = f**3 - 3*f + 8. Let h(y) = 2*d(y) + x(y). Is h(p) a multiple of 7?
False
Suppose x - j = 109, -2*x + 4*x + j - 233 = 0. Is x a multiple of 29?
False
Let u(y) be the third derivative of -y**4/12 - y**3/2 - y**2. Let m be u(-3). Suppose m*g = -0*g + 36. Does 12 divide g?
True
Suppose 2*b = 4*b - 6. Suppose 28 = 4*n + 4*a, 2*a = -4*n - 0 + 24. Suppose b*g = -n + 35. Is 10 a factor of g?
True
Let f(c) = -c**3 + 3*c**2 + 4. Let g be f(3). Suppose 0*p - g*p = -44. Is 8 a factor of p?
False
Suppose -w = -4*w + 216. Suppose 0 = 8*n - 4*n - w. Does 6 divide n?
True
Suppose 0 = -l - 3*m + 24, 4*m = 5*l + 3*m - 88. Is l a multiple of 9?
True
Suppose 87 = 4*a - a. Is 10 a factor of a?
False
Suppose 0 = -15*l + 5*l + 280. Is l a multiple of 14?
True
Suppose 5 = -4*t + 141. Let o = -19 + t. Is o a multiple of 5?
True
Let o = 19 - 11. Suppose o*j - 6*j = 10. Does 5 divide j?
True
Let q(m) = m + 13. Let h be q(-6). Let r = h + -5. Suppose r*a - 10 = 24. Is 14 a factor of a?
False
Suppose -2*k + 5 = a - 6, -3*k + 2*a = -6. Let w be 14/2 - 2 - 3. Suppose -u + 3 - k = -b, 3*u + w*b = 12. Does 2 divide u?
True
Let m be (-400)/(-28) - (-2)/(-7). Suppose f + f = m. Is f a multiple of 2?
False
Suppose b - 1 - 3 = 0. Suppose -g - b*s = 2*g - 50, 3*s + 21 = g. Does 14 divide (14/(-6))/((-3)/g)?
True
Let h(c) = -c**2 - 3*c + 5. Let g be h(-4). Let b be (0 - -2)*g*19. Let i = b - 8. Does 25 divide i?
False
Suppose -2*c - 3 = 11. Let h = c + 30. Is h a multiple of 8?
False
Suppose 0 = -0*z - z - 6. Let c = 5 - z. Does 11 divide c?
True
Let l = 13 - 11. Is 17 a factor of (2 - -8)*(3 + l)?
False
Suppose 4*f = -4*b + 488, 0 = 2*b + 12 - 4. Is f a multiple of 21?
True
Let c(b) = 2*b**3 - 3*b**2 + 9*b - 6. Is 25 a factor of c(4)?
False
Let l be (-1)/2 + 81/2. Let k be 11/((-2)/(-8)*-2). Let c = l + k. Is c a multiple of 7?
False
Suppose f = -f - 10. Let x(j) = j**3 + 5*j**2 - 7*j - 4. Is 7 a factor of x(f)?
False
Suppose -52 + 1 = -3*v. Does 5 divide v?
False
Suppose 0*i = -2*i + 16. Suppose i*c = 4*c + 160. Does 20 divide c?
True
Suppose -c + i + 3 = 0, 5*c = -4*i + 32 - 8. Suppose 3*v - c*q - 3 = -2*q, 0 = -4*q + 12. Is 3 a factor of v?
True
Let h(a) = 5*a**2 - 5*a. Let o be h(4). Suppose o = 6*c - 3*c. Is 6 a factor of c?
False
Is 10 a factor of 12/((-13)/(-10) - 1)?
True
Suppose -3*p = -0*p - 5*v - 43, -33 = -3*p + 3*v. Let w be p/9*6/4. Is (-3 - (w - 3)) + 15 a multiple of 12?
False
Suppose 0*b = 2*s + b - 282, s = 4*b + 132. Is s a multiple of 20?
True
Let z = 3 - -1. Suppose -500 = 4*i - 4*m, -514 + 11 = z*i - 5*m. Is 4 a factor of (-4)/(-14) + i/(-14)?
False
Let l be 140/(-7)*(-2)/4. Let r(s) = s - 4. Let y be r(8). Let o = l + y. Is o a multiple of 14?
True
Let x = 3 - 1. Suppose x*m = 7 + 13. Is 9 a factor of m?
False
Suppose 3*x + 17 = 5*a + 2*x, 3*a - 11 = x. Suppose -2*s + 34 = a*p - 59, p = 2*s + 31. Does 14 divide p?
False
Does 15 divide 50/(-20)*(-388)/10?
False
Let g be (-42)/8 - (-5)/20. Is 8 a factor of (-1224)/(-40) + (-2)/g?
False
Let d(w) = 52*w + 1. Is 14 a factor of d(1)?
False
Let x = 667 + -453. Let l = 301 - x. Is 24 a factor of l?
False
Does 3 divide ((-9)/4)/(3/(-12))?
True
Let a = 8 - -4. Let c(w) = w**2 - 8*w - 14. Does 21 divide c(a)?
False
Suppose 0*k + 5*k = 95. Is 6 a factor of k?
False
Let p(m) = -m + 11. Let v be p(8). Suppose 60 = b + v*b. Is 4 a factor of b?
False
Suppose -362 = 3*r + 4*o + 407, -r = -5*o + 250. Is (8/6)/((-10)/r) a multiple of 17?
True
Let q(m) = -8*m - 8. Let x(o) = -3*o - 3. Let f(h) = -6*q(h) + 17*x(h). Let k be f(-4). Suppose 2*v + v = k. Does 2 divide v?
False
Let r = -3 + 11. Let g(i) be the third derivative of -i**6/120 + 2*i**5/15 + 5*i**4/24 - 2*i**3 - i**2. Is g(r) a multiple of 14?
True
Let r be 1 - -343 - -1*1. Suppose 92 + 17 = g - 5*t, -3*g + r = 3*t. Suppose 5*u - g - 16 = 0. Is u a multiple of 12?
False
Suppose -3*t + 0 = -6. Suppose 0 = -t*m + 30 - 0. Does 9 divide m?
False
Suppose 0 = 6*d - 296 - 106. Is d a multiple of 33?
False
Suppose 2*u = 2*q + 16, 4*u + 4*q + q = -13. Let j(v) = v**3 - 3*v**2 + 3*v - 2. Does 7 divide j(u)?
True
Suppose -2*j - 4*t + 224 = -0*j, -341 = -3*j - t. Suppose 3*l + 5*w + 41 = j, 5*l + w - 107 = 0. Is l a multiple of 7?
True
Let v(i) = -i - 4. Let p be v(-7). Suppose p*z = 2*z + 12. Suppose 0*t = 4*t - z. Is t a multiple of 2?
False
Suppose -2*a + 5*x =